 are the prime factors of 490645779?
3, 13, 101, 124561
What are the prime factors of 2303460061?
7, 6715627
What are the prime factors of 289888290?
2, 3, 5, 83, 151, 257
List the prime factors of 55500251.
461, 120391
List the prime factors of 63123326.
2, 7, 83, 54323
List the prime factors of 236058833.
236058833
What are the prime factors of 7016036833?
13, 17, 31746773
List the prime factors of 119118594.
2, 3, 7, 571, 4967
List the prime factors of 5636012621.
23, 2053, 119359
What are the prime factors of 1515217261?
67, 22615183
What are the prime factors of 184117977?
3, 293, 69821
What are the prime factors of 7643088100?
2, 5, 173, 441797
List the prime factors of 69677869.
313, 222613
What are the prime factors of 39049820?
2, 5, 769, 2539
What are the prime factors of 3185910336?
2, 3, 7, 2370469
What are the prime factors of 30351209?
7, 4335887
What are the prime factors of 283333755?
3, 5, 659, 28663
List the prime factors of 266497429.
11, 1327, 18257
List the prime factors of 2210528315.
5, 31, 14261473
List the prime factors of 66188415.
3, 5, 331, 13331
List the prime factors of 3374960180.
2, 5, 37, 67, 68071
What are the prime factors of 417589?
409, 1021
List the prime factors of 679757796.
2, 3, 29, 651109
What are the prime factors of 13553559?
3, 113, 13327
What are the prime factors of 39211459?
7, 19, 59, 263
List the prime factors of 3639129668.
2, 103, 8832839
What are the prime factors of 878616407?
878616407
What are the prime factors of 24200245?
5, 4840049
What are the prime factors of 177109699?
13, 29, 469787
What are the prime factors of 955239929?
7, 2131, 64037
List the prime factors of 959122676.
2, 41, 5848309
What are the prime factors of 302341800?
2, 3, 5, 37, 13619
What are the prime factors of 168737147?
89, 829, 2287
What are the prime factors of 1149811704?
2, 3, 37, 431611
List the prime factors of 767272436.
2, 7, 27402587
List the prime factors of 3810658601.
19, 31, 37, 9203
What are the prime factors of 3755733559?
59, 2207, 28843
What are the prime factors of 161898659?
13, 12453743
List the prime factors of 76615374.
2, 3, 11, 1160839
List the prime factors of 3559508597.
3559508597
List the prime factors of 375245462.
2, 47, 3991973
List the prime factors of 5149612.
2, 13, 167, 593
What are the prime factors of 52762111?
37, 1426003
What are the prime factors of 1467949981?
8221, 178561
List the prime factors of 2177564344.
2, 272195543
What are the prime factors of 1087904189?
2141, 508129
List the prime factors of 1239384208.
2, 59, 1312907
What are the prime factors of 57227065?
5, 7, 71, 23029
List the prime factors of 270487023.
3, 1657, 54413
List the prime factors of 138186788.
2, 34546697
What are the prime factors of 27168766?
2, 29, 281, 1667
What are the prime factors of 40762223?
40762223
List the prime factors of 1978782231.
3, 659594077
List the prime factors of 2958193520.
2, 5, 36977419
What are the prime factors of 1693014131?
1693014131
List the prime factors of 253790832.
2, 3, 23, 29, 7927
List the prime factors of 23109083.
23109083
List the prime factors of 256204251.
3, 727, 39157
What are the prime factors of 3686887525?
5, 147475501
What are the prime factors of 174002849?
1097, 158617
What are the prime factors of 1874917644?
2, 3, 19, 1753, 4691
What are the prime factors of 4315463296?
2, 47, 717331
List the prime factors of 3069426157.
7, 31, 109, 129769
What are the prime factors of 1429146472?
2, 13, 193, 5477
What are the prime factors of 56483464?
2, 677, 10429
List the prime factors of 4611018.
2, 3, 768503
List the prime factors of 464569318.
2, 23, 151, 66883
What are the prime factors of 62491673?
62491673
List the prime factors of 491916956.
2, 53, 2320363
What are the prime factors of 159024904?
2, 97, 101, 2029
What are the prime factors of 58162036?
2, 61, 238369
List the prime factors of 111806807.
7, 17, 227, 4139
What are the prime factors of 1936946?
2, 11, 17, 5179
What are the prime factors of 880457783?
53, 2503, 6637
What are the prime factors of 16986632?
2, 13, 233, 701
What are the prime factors of 940078212?
2, 3, 43, 1821857
What are the prime factors of 78005092?
2, 11, 61, 29063
What are the prime factors of 4967337?
3, 191, 8669
List the prime factors of 375192166.
2, 187596083
What are the prime factors of 1814176644?
2, 3, 7, 53, 97, 4201
List the prime factors of 1330006533.
3, 23, 19275457
What are the prime factors of 1438451041?
1438451041
What are the prime factors of 4165862125?
5, 33326897
List the prime factors of 71397666.
2, 3, 1322179
What are the prime factors of 58925191?
13, 4532707
List the prime factors of 541202098.
2, 23, 11765263
What are the prime factors of 950042781?
3, 67, 251, 6277
What are the prime factors of 3680808272?
2, 1741, 132137
List the prime factors of 882742959.
3, 7, 1327, 10559
What are the prime factors of 1370307354?
2, 3, 13, 17568043
What are the prime factors of 644884890?
2, 3, 5, 13, 19, 29, 3001
What are the prime factors of 22825168?
2, 1033, 1381
What are the prime factors of 921356929?
53, 131, 1013
What are the prime factors of 1830757556?
2, 457689389
What are the prime factors of 6723663214?
2, 6359, 528673
List the prime factors of 3145085039.
653, 4816363
List the prime factors of 3151548937.
109, 28913293
List the prime factors of 149111631.
3, 53, 79, 1319
List the prime factors of 399184841.
11, 36289531
List the prime factors of 18951267.
3, 179, 35291
What are the prime factors of 9204748562?
2, 16787, 274163
What are the prime factors of 508380660?
2, 3, 5, 2824337
What are the prime factors of 59044221?
3, 728941
List the prime factors of 1684339598.
2, 842169799
What are the prime factors of 1817705618?
2, 457, 701, 2837
List the prime factors of 1222748974.
2, 359, 1702993
List the prime factors of 245132.
2, 61283
List the prime factors of 7446326.
2, 101, 191, 193
What are the prime factors of 62258642?
2, 37, 841333
What are the prime factors of 1608162719?
17, 43, 281, 7829
List the prime factors of 17535871.
2749, 6379
List the prime factors of 254742791.
8297, 30703
What are the prime factors of 351681985?
5, 29, 881, 2753
What are the prime factors of 1847451125?
5, 13, 113, 10061
List the prime factors of 1569487811.
7529, 208459
List the prime factors of 98399700.
2, 3, 5, 7, 15619
List the prime factors of 22335321.
3, 67, 111121
List the prime factors of 190223315.
5, 61, 623683
List the prime factors of 1661490031.
23, 3323, 21739
List the prime factors of 161137753.
7, 1471, 15649
List the prime factors of 210466586.
2, 11, 79, 83, 1459
List the prime factors of 7247137308.
2, 3, 359, 1682251
What are the prime factors of 30306479?
7, 23, 29, 6491
List the prime factors of 240293054.
2, 6653, 18059
List the prime factors of 180049497.
3, 23, 2609413
What are the prime factors of 79182308?
2, 31, 638567
List the prime factors of 217310755.
5, 1459, 29789
List the prime factors of 474551006.
2, 83, 2858741
What are the prime factors of 391203937?
557, 702341
List the prime factors of 639379417.
883, 724099
List the prime factors of 2591248684.
2, 647812171
List the prime factors of 1948916376.
2, 3, 11, 91139
What are the prime factors of 108683322?
2, 3, 11, 1646717
What are the prime factors of 598553282?
2, 299276641
List the prime factors of 237157897.
439, 593, 911
List the prime factors of 41905435.
5, 11, 13, 29, 43, 47
What are the prime factors of 23077885?
5, 43, 107339
List the prime factors of 47964829.
11, 4360439
What are the prime factors of 929490312?
2, 3, 73, 530531
What are the prime factors of 1095111649?
1095111649
List the prime factors of 2774656569.
3, 924885523
List the prime factors of 1074340797.
3, 751, 476849
What are the prime factors of 25212853?
17, 23, 64483
List the prime factors of 79719812.
2, 19929953
What are the prime factors of 2899198414?
2, 7, 11909, 17389
List the prime factors of 228074601.
3, 17, 23, 127, 1531
What are the prime factors of 120174578?
2, 7309, 8221
What are the prime factors of 6666685?
5, 617, 2161
List the prime factors of 6643108943.
199, 33382457
List the prime factors of 5084192250.
2, 3, 5, 59, 38299
List the prime factors of 234200969.
523, 569, 787
What are the prime factors of 3627